ose -14 = -k - k. Let a be 1 + (5 - (10 + -67)). What is the highest common factor of a and k?
7
Let v be (-27)/(-2)*(-20)/3. Let w be (1008/v)/(2/(-10)). Let r be ((-4)/(-6))/((-1)/(-21)). Calculate the highest common divisor of w and r.
14
Let i be 0/(-4) + -2 + 0. Let a = 2 - i. Suppose a*x - 276 - 12 = 0. Calculate the greatest common divisor of x and 18.
18
Let w = 89 + -91. Let k be (-2)/(w/(-2)) - 1008/(-21). What is the greatest common divisor of 23 and k?
23
Suppose -i + 5*n = -36, -i + 27 = -2*n - 3. Let q = -26 - -16. Let x be i + -2 + q + 8. What is the highest common factor of 55 and x?
11
Let r(f) = 18*f**3 + 4*f**2 - f - 3. Let a be r(2). Calculate the highest common factor of a and 10.
5
Let d be 0 - -1 - 2 - -7. Let o(z) = -3 - 3*z + 29*z**2 + d - 1. Let b be o(2). Calculate the highest common divisor of 16 and b.
16
Suppose 88*d = 68*d + 960. Calculate the highest common divisor of d and 24.
24
Let m be (-171)/(-3)*3/9. Let z = 0 + 4. Suppose -3*g - 57 = -z*g. Calculate the greatest common factor of m and g.
19
Suppose -9*t - t = -3000. Calculate the highest common factor of 180 and t.
60
Let z be 2/((-33)/(-108)*-3 - -1). Calculate the highest common factor of 18 and z.
6
Suppose -2*v = 4*j - 162, 0 = 6*v - 11*v + 15. What is the greatest common divisor of 663 and j?
39
Let z be 7 - (-4)/16*-4. Let h be (-3 - (-15)/z)*-18. Calculate the greatest common factor of 72 and h.
9
Let o be (-60)/(-270) - (266/(-9))/2. Suppose 18*n - 30 = o*n. Calculate the greatest common divisor of 50 and n.
10
Let o = 6 - 3. Suppose -u = o*u - 44. Suppose -4*j = -3 - 5, 3*q - 2*j = 62. Calculate the highest common divisor of u and q.
11
Let d = 160 - 160. Suppose d = 4*i - 35 - 329. What is the highest common divisor of 7 and i?
7
Let j = 714 + -654. Calculate the greatest common divisor of j and 55.
5
Let d be (1 + 1)/(1/2). Suppose 0*f - 144 = 4*f. Let v be (2 - (-1)/(-1))*-1*f. What is the highest common divisor of d and v?
4
Let m = 84 - 57. What is the greatest common divisor of 18 and m?
9
Suppose -4*c - 3*f - 70 = -764, c - 165 = -5*f. What is the highest common divisor of 7 and c?
7
Let u = -21 + 23. Suppose 0 = u*v + 5 - 21. Calculate the greatest common factor of 1 and v.
1
Let s be 6/9 + 12*440/99. Let p(j) = j**2 + 5*j + 6. Let n be p(-5). Calculate the highest common factor of n and s.
6
Suppose 279*w - 290*w = -1188. What is the greatest common factor of w and 36?
36
Let a(v) = -v**2 + 27*v - 32. Let y be a(16). What is the highest common divisor of 4176 and y?
144
Suppose 0 = 6*i + 1617 - 15. Let l be ((-14)/(-4))/(i/54 + 5). What is the highest common factor of 7 and l?
7
Suppose 3*p = 4*n + 65, 4*p - 112 = 2*n - 3*n. Let b = p + -11. Suppose 0 = -5*t - 5 + 25. What is the greatest common factor of t and b?
4
Suppose -o + 11 = k - 0*k, -o = 4*k - 14. Let u be o - (-1 + 7 + -3). Suppose 0 = 4*i - 6*i + 28. What is the greatest common divisor of i and u?
7
Let o(b) = 2*b**2 - 19*b - 45. Let w be o(31). What is the highest common divisor of 56 and w?
56
Let y(v) = -13*v**3 - v**2 - 9*v - 9. Let m be y(-1). Calculate the greatest common divisor of 120 and m.
12
Let p be (-6)/(-4)*16/4. Suppose -5*s = 5*b - 100, 55*s = 53*s + 2*b + 44. Calculate the highest common factor of s and p.
3
Suppose 4*g + 0*g + 636 = 4*z, z + 4*g = 179. Let d = 247 - z. Calculate the highest common factor of 56 and d.
28
Let k = 1274 - 1113. What is the highest common divisor of k and 161?
161
Let g = 540 - 80. Calculate the greatest common divisor of g and 276.
92
Suppose -220*g + 14760 = -205*g. What is the highest common factor of g and 24?
24
Let j(r) = -12*r + 41. Let f be j(0). What is the greatest common factor of 205 and f?
41
Let w be ((-2)/8*-2)/(59/708). Calculate the greatest common divisor of w and 654.
6
Suppose 0 = 4*m - 2*a - 322, -m - 2*a + 85 = 2*a. What is the greatest common divisor of m and 9?
9
Let a(g) = 2*g + 8. Let w = 16 - 10. Suppose 11*z - w*z = 30. Let x be a(z). Calculate the greatest common divisor of x and 30.
10
Let d(y) = -43*y + 61. Let l be d(1). What is the greatest common factor of 36 and l?
18
Let i(n) = n + 3. Let z be i(-3). Suppose -2*a = -z - 6. Suppose a*m - 17 - 2 = -2*s, -2*m + 5*s + 19 = 0. Calculate the greatest common divisor of 7 and m.
7
Suppose -8*d = -6*d. Suppose 3*b - 4*i - 59 = d, 25 = -4*b - 5*i + 83. What is the greatest common factor of b and 136?
17
Let t(s) = -5*s**3 - 2*s**2 - s. Suppose -2*c - 23 = -3*r - 3*c, r - 1 = -2*c. Let k = r - 10. Let z be t(k). Calculate the greatest common divisor of 4 and z.
4
Let m be 1 + (8/32 - (-7)/4). Suppose -m*u + 2*u = -18. Calculate the highest common divisor of u and 63.
9
Suppose 111*p - 106*p - 120 = 0. What is the highest common divisor of 132 and p?
12
Let m(a) = 5*a**2 - 4*a - 3. Let v be m(-7). Suppose -o = -3*o + v. Suppose -225 = 8*g - 23*g. Calculate the greatest common factor of g and o.
15
Let x = 85 + -75. What is the greatest common factor of x and 4?
2
Let h(f) = f**3 + 3*f**2 - 5*f + 3. Let d be h(-4). Let v = 12 - d. Suppose -5*g + 275 = -0*g. Calculate the greatest common factor of v and g.
5
Suppose 360 = 10*f + 5*f. Let v be ((-8)/f)/(1/(-210)). Suppose 5*x - 26 = 24. What is the greatest common divisor of v and x?
10
Let l(d) = 36*d - 30. Let m be l(2). Let a = 20 + 1. What is the greatest common divisor of a and m?
21
Suppose 50 = -15*i + 19*i + 6*t, 3*t = 9. Calculate the greatest common divisor of i and 3.
1
Suppose k = 2*k - 54. Suppose 30 + 18 = 8*x. What is the greatest common divisor of x and k?
6
Let m(p) be the first derivative of -5*p**2/2 + 4*p + 6. Let z be m(-4). Suppose 0 = -7*h + 20*h - 780. Calculate the greatest common factor of z and h.
12
Let v(h) = -107*h**3 + h**2 - h - 1. Let s be v(-1). What is the greatest common factor of 18 and s?
18
Let w(q) = 65*q**2 + 2*q + 1. Let c be w(-1). Suppose -v + 0*v = -3, 0 = -4*t + 3*v - 781. Let b = t - -289. Calculate the highest common divisor of c and b.
32
Let v(q) = q**2 - 33*q - 412. Let l be v(45). Calculate the greatest common factor of l and 232.
8
Suppose h + 10*h = 451. What is the highest common factor of h and 451?
41
Let j be (0/(-12))/9 - 23*-2. Calculate the greatest common divisor of j and 345.
23
Suppose -4*s + 1925 = 3*s. Calculate the greatest common divisor of 11 and s.
11
Suppose 4*a - 6 = a. Let b = a + 10. Let t(i) = 83*i + 427. Let y be t(-5). Calculate the greatest common divisor of y and b.
12
Let d(w) = w**3 - 6*w**2 + w + 2. Let p be d(6). Suppose 0 = 4*j - p*j. Suppose j = -m + 3*m - 4. What is the greatest common factor of m and 14?
2
Suppose -6 + 230 = 2*q. Let d = -24 + 21. Let b(v) = v**3 + 4*v**2 - 2*v - 1. Let a be b(d). Calculate the greatest common factor of a and q.
14
Let z(m) be the first derivative of 17*m**2 - 22*m - 1. Let u be z(-11). Let x be (1/(-2))/(3/u). What is the highest common factor of 22 and x?
22
Suppose 5*p - p = 4. Suppose 0 = -4*m - 13 + 1, -m = 2*r - p. Suppose -32*f = -37*f + 80. Calculate the highest common factor of r and f.
2
Let t = 16 + -12. Suppose -5*v - 2*u = -v - 12, v + t*u = 10. Suppose -2*y = -4*c + 32, -2*c - 4 = v*y - 26. What is the highest common divisor of c and 45?
9
Suppose 2*b = 3*b - 36. Suppose k = 3*k - 4*q - 24, q = 0. What is the highest common factor of b and k?
12
Let c = -419 + 604. What is the greatest common divisor of c and 74?
37
Let v = 1685 + -1013. Calculate the highest common divisor of 42 and v.
42
Let n be (582 + 12)/9*1. What is the highest common divisor of n and 12?
6
Let m be (-5 - 6)/(2 - 222/110). What is the highest common divisor of m and 165?
55
Let c be (-30 + 29)/((-2)/82*1). Let h = c - 30. Let d = -10 - -11. Calculate the greatest common divisor of h and d.
1
Let n(m) = -m**2 + 19. Let w be n(4). Suppose 0 = -3*p - 4*x + 64, -10 - 26 = -2*p + 4*x. Let c = p + -8. What is the greatest common factor of w and c?
3
Suppose 37*x + 729 = 46*x. What is the greatest common divisor of x and 36?
9
Let o(p) = 41*p + 34. Let x be o(1). What is the greatest common factor of 3 and x?
3
Let d be 2/(-1) + 1 + 16. Let n(o) = -4*o**2 - 43*o - 10. Let s be n(-5). What is the highest common factor of s and d?
15
Let s(t) = 204*t + 17. Let x be s(0). What is the greatest common factor of